False
Is 41 a factor of 393272?
True
Is 52 a factor of 4781979?
False
Does 5 divide 33829?
False
Is 9 a factor of 1520885?
False
Is 373632 a multiple of 28?
True
Is 1854 a factor of 3905526?
False
Is 6090070 a multiple of 35?
True
Does 6 divide 216114?
True
Is 45 a factor of 3892545?
True
Is 894172 a multiple of 108?
False
Is 32634 a multiple of 6?
True
Is 153 a factor of 9659196?
True
Does 298 divide 895188?
False
Is 16051457 a multiple of 19?
False
Is 593 a factor of 8579524?
True
Is 78 a factor of 45515?
False
Is 784035 a multiple of 26?
False
Is 60 a factor of 186240?
True
Is 1283564 a multiple of 19?
True
Does 10 divide 620620?
True
Is 133 a factor of 22211?
True
Is 15 a factor of 306357?
False
Is 26396 a multiple of 51?
False
Is 3380037 a multiple of 10?
False
Is 180 a factor of 133988?
False
Is 74115 a multiple of 137?
False
Is 40124 even?
True
Is 32 a factor of 11292137?
False
Is 4 a factor of 224540?
True
Does 195 divide 2389530?
True
Is 114615 a multiple of 378?
False
Is 885865 a multiple of 11?
False
Is 337 a factor of 230018?
False
Is 19 a factor of 580944?
True
Does 267 divide 221717?
False
Does 3 divide 35751?
True
Is 160189 a multiple of 19?
True
Is 310 a factor of 847540?
True
Is 50 a factor of 88484?
False
Is 29 a factor of 170626?
False
Is 55 a factor of 1227270?
True
Is 1749740 a multiple of 89?
True
Is 35950 a multiple of 10?
True
Is 3629 a multiple of 191?
True
Does 6 divide 484422?
True
Does 72 divide 164487?
False
Does 22 divide 5421262?
True
Does 22 divide 336688?
True
Is 374108 a multiple of 57?
False
Is 935 a factor of 752675?
True
Is 34 a factor of 379729?
False
Is 394 a factor of 4988828?
True
Is 250371 a multiple of 11?
True
Is 927 a factor of 2823642?
True
Is 59539 a multiple of 77?
False
Is 44 a factor of 3518643?
False
Is 26530 a multiple of 145?
False
Does 143 divide 59059?
True
Does 692 divide 2190450?
False
Is 400212 a multiple of 9?
True
Is 590315 a multiple of 172?
False
Is 20 a factor of 74092?
False
Does 29 divide 1808556?
True
Does 416 divide 3561600?
False
Does 33 divide 5939043?
True
Is 14 a factor of 185780?
True
Is 1292998 even?
True
Is 6204 a multiple of 188?
True
Does 33 divide 2320395?
True
Does 20 divide 9995967?
False
Is 39466 a multiple of 7?
True
Is 411757 a multiple of 17?
True
Does 56 divide 453656?
True
Is 363394 a multiple of 38?
True
Does 56 divide 292880?
True
Does 81 divide 11189664?
True
Is 17281048 a multiple of 28?
False
Is 2 a factor of 189756?
True
Is 258419 a multiple of 6?
False
Is 20 a factor of 159182?
False
Is 265601 a multiple of 19?
True
Is 56 a factor of 13947?
False
Is 133 a factor of 21000?
False
Does 4 divide 124488?
True
Does 865 divide 5254261?
False
Does 32 divide 40608?
True
Is 179992 a multiple of 12?
False
Is 124 a factor of 243536?
True
Is 298 a factor of 4277492?
True
Is 352852 a multiple of 25?
False
Is 8 a factor of 140008?
True
Does 33 divide 180444?
True
Is 315 a factor of 1958355?
True
Is 54622 a multiple of 31?
True
Is 1268 a factor of 7719584?
True
Is 576 a factor of 822952?
False
Is 993648 a multiple of 85?
False
Does 17 divide 1607945?
True
Is 1201403 a multiple of 16?
False
Does 26 divide 14765036?
True
Is 6 a factor of 10351?
False
Does 2 divide 3861?
False
Is 17 a factor of 1047013?
True
Does 17 divide 29138?
True
Does 20 divide 27680?
True
Does 7 divide 6007925?
True
Does 259 divide 89722?
False
Is 215 a factor of 57756?
False
Is 199 a factor of 68854?
True
Is 162115 a multiple of 13?
False
Does 33 divide 986502?
True
Is 49126 a multiple of 52?
False
Does 33 divide 2022834?
True
Is 56444 a multiple of 23?
False
Is 444 a factor of 466394?
False
Is 6 a factor of 963360?
True
Does 12 divide 373609?
False
Is 425415 a multiple of 129?
False
Is 7249 a multiple of 11?
True
Is 1240966 a multiple of 646?
True
Is 3 a factor of 1391136?
True
Is 13 a factor of 230204?
True
Is 30 a factor of 312210?
True
Does 83 divide 3079964?
True
Is 383 a factor of 5373873?
True
Does 411 divide 1475901?
True
Is 48 a factor of 5443014?
False
Is 7 a factor of 6933044?
False
Does 96 divide 331082?
False
Does 13 divide 4657392?
False
Does 109 divide 3812602?
True
Does 138 divide 1168075?
False
Is 3458819 a multiple of 27?
False
Is 75499 a multiple of 29?
False
Is 86 a factor of 5924955?
False
Is 17 a factor of 192067?
False
Is 38 a factor of 9100772?
True
Is 2059146 a multiple of 139?
True
Is 16 a factor of 6294944?
True
Does 640 divide 152320?
True
Does 70 divide 4779410?
False
Does 454 divide 365016?
True
Does 4 divide 1493?
False
Is 1083 a factor of 10432539?
True
Does 106 divide 677968?
False
Is 1795093 a multiple of 131?
True
Is 4287600 a multiple of 225?
True
Does 199 divide 1781846?
True
Does 64 divide 385148?
False
Is 9 a factor of 7793469?
True
Does 15 divide 2684490?
True
Is 660644 a multiple of 5?
False
Is 53 a factor of 1730662?
True
Is 423822 a multiple of 7?
True
Is 178 a factor of 3253822?
False
Does 286 divide 937435?
False
Is 355240 a multiple of 83?
True
Is 17 a factor of 1137266?
True
Does 465 divide 2162250?
True
Is 234980 a multiple of 9?
False
Is 197859 a multiple of 12?
False
Is 10 a factor of 633360?
True
Does 13 divide 922946?
False
Is 5 a factor of 26121?
False
Does 6 divide 51000?
True
Is 2503857 a multiple of 1303?
False
Does 2169 divide 25320583?
False
Is 102 a factor of 888816?
False
Is 7928 a multiple of 4?
True
Does 308 divide 4524520?
True
Is 1227167 a multiple of 567?
False
Is 52017 a multiple of 21?
True
Does 5 divide 19422?
False
Does 248 divide 3147120?
True
Is 941 a factor of 10801739?
True
Is 271 a factor of 748387?
False
Is 38 a factor of 3226656?
True
Does 257 divide 1422458?
False
Is 21 a factor of 16934253?
True
Is 185 a factor of 737040?
True
Is 26652300 a multiple of 15?
True
Is 20 a factor of 1508860?
True
Is 385724 a multiple of 699?
False
Does 11 divide 76517?
False
Does 18 divide 1102724?
False
Is 2 a factor of 56331?
False
Does 14 divide 407073?
False
Is 20 a factor of 14993140?
True
Is 1334694 a multiple of 79?
False
Is 96 a factor of 573419?
False
Is 22 a factor of 397430?
True
Is 9 a factor of 22068?
True
Is 16 a factor of 118649?
False
Does 17 divide 2940258?
False
Is 75 a factor of 311625?
True
Does 246 divide 476256?
True
Is 21 a factor of 1021782?
False
Is 48 a factor of 5900544?
True
Is 13830931 a multiple of 248?
False
Does 3 divide 217133?
False
Is 179 a factor of 320535?
False
Is 1997449 a multiple of 52?
False
Is 64 a factor of 2548992?
True
Does 128 divide 34982?
False
Is 167 a factor of 1087170?
True
Is 238 a factor of 4660859?
False
Does 39 divide 16012893?
True
Does 372 divide 15702667?
False
Is 6 a factor of 14004498?
True
Does 8 divide 181546?
False
Is 2147030 a multiple of 10?
True
Is 19 a factor of 1830006?
False
Is 239475 a multiple of 155?
True
Does 7 divide 632366?
True
Is 53864 a multiple of 46?
False
Is 1043811 a multiple of 3?
True
Is 32 a factor of 27322?
False
Is 22870849 a multiple of 195?
False
Does 20 divide 51740?
True
Is 1055768 a multiple of 238?
True
Is 17 a factor of 186096?
False
Does 25 divide 136754?
False
Is 319550 a multiple of 50?
True
Is 68 a factor of 38012?
True
Is 227 a factor of 342316?
True
Is 377620 a multiple of 11?
False
Is 201257 a multiple of 24?
False
Is 19900020 a multiple of 1240?
False
Does 43 divide 1837174?
False
Is 30393 a multiple of 30?
False
Does 177 divide 4518456?
True
Is 643552 a multiple of 19?
False
Does 15 divide 1033823?
False
Is 3712772 a multiple of 97?
True
Does 75 divide 123512?
False
Does 19 divide 1455799?
True
Is 722 a factor of 178957?
False
Does 82 divide 105698?
True
Is 9 a factor of 5033125?
False
Is 1482196 a multiple of 34?
True
Is 81385 a multiple of 37?
False
Is 3 a factor of 267909?
True
Is 60384 a multiple of 111?
True
Is 12465106 a multiple of 122?
True
Does 244 divide 338916?
True
Is 21 a factor of 1296005?
False
Is 66 a factor of 37057?
False
Does 199 divide 30583?
False
Does 46 divide 2205558?
False
Is 14 a factor of 16389170?
True
Does 48 divide 20874624?
True
Does 16 divide 54512?
True
Does 21 divide 11562747?
True
Is 30851 a multiple of 145?
False
Does 319 divide 1418593?
True
Is 54 a factor of 1337530?
False
Is 3 a factor of 249480?
True
Does 179 divide 12944428?
False
Is 12 a factor of 471606?
False
Does 27 divide 81054?
True
Does 1